{"id":433,"date":"2015-11-04T11:16:32","date_gmt":"2015-11-04T10:16:32","guid":{"rendered":"http:\/\/mkoservices.fr\/?page_id=433"},"modified":"2015-11-04T11:16:32","modified_gmt":"2015-11-04T10:16:32","slug":"volet-roulant-velux","status":"publish","type":"page","link":"https:\/\/mkoservices.fr\/?page_id=433","title":{"rendered":"volet roulant velux"},"content":{"rendered":"<p>Volet roulant selon la gamme velux, compatible avec les r\u00e9f\u00e9rences velux existantes.<\/p>\n<p>Gamme selon fabricant.<\/p>\n<p>Larges possibilit\u00e9s<\/p>\n","protected":false},"excerpt":{"rendered":"<p>Volet roulant selon la gamme velux, compatible avec les r\u00e9f\u00e9rences velux existantes. Gamme selon fabricant. Larges possibilit\u00e9s<\/p>\n","protected":false},"author":1,"featured_media":0,"parent":0,"menu_order":0,"comment_status":"closed","ping_status":"closed","template":"","meta":{"footnotes":""},"class_list":["post-433","page","type-page","status-publish","hentry"],"_links":{"self":[{"href":"https:\/\/mkoservices.fr\/index.php?rest_route=\/wp\/v2\/pages\/433","targetHints":{"allow":["GET"]}}],"collection":[{"href":"https:\/\/mkoservices.fr\/index.php?rest_route=\/wp\/v2\/pages"}],"about":[{"href":"https:\/\/mkoservices.fr\/index.php?rest_route=\/wp\/v2\/types\/page"}],"author":[{"embeddable":true,"href":"https:\/\/mkoservices.fr\/index.php?rest_route=\/wp\/v2\/users\/1"}],"replies":[{"embeddable":true,"href":"https:\/\/mkoservices.fr\/index.php?rest_route=%2Fwp%2Fv2%2Fcomments&post=433"}],"version-history":[{"count":1,"href":"https:\/\/mkoservices.fr\/index.php?rest_route=\/wp\/v2\/pages\/433\/revisions"}],"predecessor-version":[{"id":434,"href":"https:\/\/mkoservices.fr\/index.php?rest_route=\/wp\/v2\/pages\/433\/revisions\/434"}],"wp:attachment":[{"href":"https:\/\/mkoservices.fr\/index.php?rest_route=%2Fwp%2Fv2%2Fmedia&parent=433"}],"curies":[{"name":"wp","href":"https:\/\/api.w.org\/{rel}","templated":true}]}}